uppose 10*y - 5*y + 5 = 0. Let t(r) = 11*r**3 - 2*r**2 - r - 2. Let l be t(-2). List the prime factors of (y/(-3))/((-4)/l).
2
Let i be ((-1)/4)/((-2)/8). Suppose 0 = -j + z + 5, j + z + 0*z + i = 0. Suppose 2*q + 3*u = -j*q + 58, 4*q - 60 = -4*u. List the prime factors of q.
13
Suppose 3*p + 3*q - 193 = -2*p, -79 = -2*p - 3*q. List the prime factors of p.
2, 19
Let h(j) = -j**3 - 5*j**2 + 5. Let m be h(-5). Suppose -5*g - 2*b + 58 = 0, -4*b + 11 = -m. List the prime factors of g.
2, 5
Let g(v) = v**2 + 9*v + 11. Let c be g(-8). Suppose 5*t = -3*p + 13, -t = -c*p + t + 41. List the prime factors of p.
11
Suppose -3*r + r = 0. Suppose -4*y = -m - 3 - 3, r = 2*m - 2*y - 6. List the prime factors of m.
2, 3
Suppose -s - 5*k + 91 + 51 = 0, 4*k + 826 = 5*s. What are the prime factors of s?
2, 3
Let q be (-66)/(-15) + 4/(-10). What are the prime factors of (q/6)/(10/195)?
13
Let x be ((-102)/9)/((-2)/6). Suppose -5*g + 21 = -x. What are the prime factors of g?
11
Suppose 3*i = -5*z + 22 + 117, -4*z = 3*i - 113. List the prime factors of z.
2, 13
What are the prime factors of 21*(0 - -2)/6?
7
Let u(c) = -c**3 + 7*c**2 - c - 4. Suppose -17 = -5*t - 2. List the prime factors of u(t).
29
List the prime factors of -8*(-45)/10*1.
2, 3
Let w = 27 + -14. Suppose -2*p = -b + 8, -5*p - w = -b - b. What are the prime factors of b?
2, 7
Let z = -20 - -24. Suppose -4*b + 125 = -10*u + 5*u, -131 = -z*b + 3*u. List the prime factors of b.
5, 7
Suppose 0 = 5*j + 4*v - 79, -1 - 27 = -2*j + 2*v. List the prime factors of (-1*1)/((-1)/j).
3, 5
Let h(o) = 2*o**2 - 6*o + 5. Let s be h(6). Suppose -5*x + 0*c + c = -s, -5*c = -4*x + 37. What are the prime factors of x?
2
Let y be (-6)/15 - 3726/(-15). Suppose 0*q - y = -4*q. What are the prime factors of q?
2, 31
Let m(q) = 6*q**2 - 2*q - 1. Suppose 5*j + 32 = 2. Let k(z) = -z - 7. Let r be k(j). What are the prime factors of m(r)?
7
Suppose 5*m + 3*o - 228 = 63, -o = -m + 63. List the prime factors of m.
2, 3, 5
Let n(r) = 9*r - 8. List the prime factors of n(14).
2, 59
Let l(c) = -4*c - 15. Let r be l(-12). Suppose 2*h + h = r. What are the prime factors of h?
11
Let y(o) = -o**3 - 5*o**2 + 3*o - 2. Let x be y(-5). Let a = -6 - x. List the prime factors of a.
11
Let r(u) be the first derivative of -u**4/4 + 4*u**3/3 + 5*u**2/2 + 3*u + 3. List the prime factors of r(-2).
17
Suppose 4*y = -2*f - f + 23, -2*y - 1 = -f. What are the prime factors of y + 2/6*0?
2
Suppose -4 = 2*w, 5*d + 2*w - 263 = w. List the prime factors of d.
53
Suppose 0*v - 2*v + 4*t = -28, 0 = v + 5*t + 21. Let q(b) = -b**2 + 4*b + 3. Let z be q(v). Suppose f - 9 + z = 0. What are the prime factors of f?
2, 3
Let i(a) = -a**3 - 4*a**2 - 4*a - 3. Let v be i(-2). Let r be ((-88)/3)/(-2)*v. What are the prime factors of (-2)/4*r/2?
11
Suppose 227 = 3*z + 2*j, -16 = 4*j - 8*j. What are the prime factors of z?
73
Let a be ((-2)/(-8))/((-1)/(-4)). List the prime factors of (81/(-6))/a*-2.
3
Let s(i) = 10*i**3 - 3*i**2 - 4*i - 2. What are the prime factors of s(3)?
229
Suppose -28 = -4*z + 60. List the prime factors of z.
2, 11
Suppose 2*o - 2 = r, -2*o - 2*o = 4*r + 44. Let l be (4/(-6))/(r/84). Let z(c) = c**2 - 7*c + 3. What are the prime factors of z(l)?
3
Suppose 2*f = 4*j - 14, -6 = 4*j + 5*f - 27. Suppose -l = l + j*r + 46, 4*r = 0. Let o = -11 - l. What are the prime factors of o?
2, 3
Let u(o) = o**3 + 14*o**2 - o + 14. Let b be u(-14). Suppose 0 = -5*w + b + 42. List the prime factors of w.
2, 7
Let m(x) = 29*x - 2. Let t be m(8). List the prime factors of 4/26 - t/(-26).
3
Suppose -4*z - 16 = -3*z. Let l be (z/(-10))/(6/210). Suppose 3*y - 2*y + 49 = 5*f, 5*y + l = 4*f. List the prime factors of f.
3
Suppose 0 = -4*j - 2*j + 150. What are the prime factors of j?
5
Suppose -2*m = -2, -5*m + 13 = 2*w - 2*m. Suppose 0 = 3*g - w - 28. List the prime factors of g.
11
Let k(s) = 2*s**2 - 8*s + 5. Let f be (45/10)/((-3)/(-4)). What are the prime factors of k(f)?
29
Let f(s) = 7*s - 2. Let i be f(1). Suppose i*k = 100 - 0. What are the prime factors of k?
2, 5
Suppose 2*c = -u - 7 - 0, -4*u = -4*c - 32. Let m be -1 - 2*u/(-1). Suppose 35 = 3*n + m. List the prime factors of n.
2, 5
Let v be -1 + (7 + 3 - 2). Let h(m) = m**3 - 7*m**2 + 4*m + 4. What are the prime factors of h(v)?
2
Let u = 3 + -1. Suppose 210 = 8*v - u*v. List the prime factors of v.
5, 7
Suppose 0*b + b = 0. Suppose 2*a + b*f + 50 = -f, 2*f + 124 = -5*a. List the prime factors of 4/((a/15)/(-4)).
2, 5
Let w(c) = -c**2 + 7*c - 4. Let q(m) = 1. Let x(b) = q(b) + w(b). What are the prime factors of x(6)?
3
Let w be (1 - 3)/(-1) + 2. Let h = 11 + -4. Suppose -w*g = -h - 49. List the prime factors of g.
2, 7
Suppose 7*x + 27 = 3*x - o, -4*x - 22 = 2*o. Let p = x + 4. List the prime factors of p/(-3)*27/6.
2, 3
Let f(a) = 7*a**2 - 9*a + 1. List the prime factors of f(4).
7, 11
Let y = -3 + 5. Let s = 27 - y. What are the prime factors of s?
5
Let x(n) = n**2 - 3*n + 9. List the prime factors of x(15).
3, 7
Suppose -3*i - 2*z + 625 = 0, -4*z + 422 = 2*i - 0*z. List the prime factors of i.
3, 23
Let q(m) = -2*m**3 - 2*m**2 + m - 4. Let x be q(-3). Suppose 0 = z + 2*z + 57. Let v = x + z. List the prime factors of v.
2, 5
List the prime factors of -19*(1 + -13) - (6 + -4).
2, 113
Let o(r) = -r**2 + 12*r - 3. What are the prime factors of o(5)?
2
Let c(q) = -31*q**3 - 30*q**3 - q + 2*q. Let s be c(1). What are the prime factors of 14*(-2 + s/(-21))?
2, 3
Let a = -2 - -7. Let o(b) be the third derivative of b**5/60 - b**4/24 - 2*b**3/3 + 4*b**2. List the prime factors of o(a).
2
Suppose -5*h = -0*w - w + 50, 20 = -2*h + 5*w. Let s(a) = -3*a - 13. List the prime factors of s(h).
17
Suppose 0 = 3*l - 35 - 373. Suppose -5*c + l = -24. What are the prime factors of c?
2
Let i(p) be the third derivative of p**6/120 - p**5/10 - 7*p**4/24 - p**3 - p**2. Let n be i(7). List the prime factors of (1 - -1)/(n/(-27)).
3
Suppose 2*y - 5 = 3*j, -y + 13 = 2*y + j. Suppose -a - 40 = -5*a + 4*h, -5*h = y*a - 13. List the prime factors of 16 + 0 - (7 - a).
2
Let j = 8 - 1. What are the prime factors of j?
7
Let a(s) = -s**2 + 4*s + 1. Let k(v) = 2*v + 1. Let c be k(1). What are the prime factors of a(c)?
2
Suppose -3*o - 6 = -4*f, -5*o = -3*f + 6*f - 19. Let w be ((-4)/12)/(o/(-12)). Suppose 0 = w*h + 2 - 6. List the prime factors of h.
2
Let f(n) = -21*n + 4. List the prime factors of f(-3).
67
Suppose -7*r + 90 = -2*r. Suppose 4*z - 45 = -j, -5*z - 2*j + r = -42. List the prime factors of z.
2, 5
Let l = 463 - 310. List the prime factors of l.
3, 17
Suppose -4*n + 8 + 12 = 0. Suppose -t = -0 + 5, 150 = n*i - 2*t. What are the prime factors of i?
2, 7
Let g(j) = -37*j + 5. Let a be g(-5). Suppose -5*z = 5*t - a, 5*z - 208 = -0*z + t. What are the prime factors of z?
41
Suppose m - 53 + 5 = 0. What are the prime factors of m?
2, 3
Suppose 2*a - 13 = -5. Suppose -a*i - 9 = -25. Suppose 0 = d + 3*w - 4, -i*w = w. What are the prime factors of d?
2
Suppose -5 = -3*z + 2*a, 0*a = 4*a + 4. Let h be 6*(2 + -1)*z. Suppose -3*f = -h - 6. What are the prime factors of f?
2
Let n be 1 + -3 + 16/2. Let q(l) = -l**2 - 5*l + 10. Let b be q(-7). List the prime factors of b/6 + 58/n.
3
Let t = 4137 + -2373. What are the prime factors of 2/9 - t/(-81)?
2, 11
Let h(n) = -n**3 + 3*n**2 - 1. Suppose -5*g + 8 = -g. Let r be h(g). Suppose -4*c + 33 = -5*q, 5*c + q - 37 = r*q. What are the prime factors of c?
7
Let f(a) = a**2 + 2. List the prime factors of f(-5).
3
Suppose 19*z = 10*z + 684. List the prime factors of z.
2, 19
Let u(b) = b. Let p be u(-6). Let w = 10 + p. Suppose -w*r = -0*r - 8. List the prime factors of r.
2
Suppose 5*z - 1 = -21, -3*z = -2*a + 256. List the prime factors of a.
2, 61
Let o(m) = m + 7. Let w = 10 - 18. Let n be o(w). Let t = n + 11. What are the prime factors of t?
2, 5
Let k(y) = y - 5. Let c be k(4). Let z(n) = 4*n**2 - 2*n - 1. List the prime factors of z(c).
5
Let p = -16 + 77. List the prime factors of p.
61
Let j(g) = -2*g**2 + 5*g**2 - g**2 + 20 - 13*g. List the prime factors of j(8).
2, 11
Let y(o) = 8*o**2 + o + 1. Let l = 0 - 1. Let p be (-2 + 1)*(-1)/l. What are the prime factors of y(p)?
2
Suppose 2*i - 22 - 20 = -4*u, -3*u = -i + 16. What are the prime factors of i?
19
Let z(d) = 0 - 24